 40, u + 27 = -t*k. What is g(u)?
9
Let x(g) = 2*g**2 + g - 52. Let q be x(5). Let m(w) = q*w + 2 - 3 - w**3 + 5 - 1 + 2*w**2. Calculate m(3).
3
Let w = 9 - 5. Let u(n) = n - 6*n - w + 3*n. Suppose -z = -2*z + 4*j + 5, -3*z = -3*j + 3. Determine u(z).
2
Let r(s) = s**3 - 5*s**2 - 14*s + 3. Suppose -7*b = -40 + 5. Let y(q) = -q**3 + 6*q**2 + 16*q - 3. Let k(d) = b*y(d) + 6*r(d). Determine k(3).
18
Let a(h) be the second derivative of h**5/20 - h**4/4 - 2*h**3/3 - 5*h**2/2 + 395*h + 3. Suppose 2*v + 2*n + 0*n + 2 = 0, n - 11 = -4*v. What is a(v)?
-5
Let p = 0 + 2. Let y(k) be the first derivative of -13*k**2/2 - 2*k + 25047. Determine y(p).
-28
Let i(p) be the second derivative of p**8/336 + p**7/1260 - p**6/720 + p**4/12 - 17*p**2/2 - 3*p - 6. Let y(k) be the third derivative of i(k). Give y(1).
21
Let s(h) = 28*h**2 + 12*h - 11. Let o be s(5). Suppose -o*j - 20 = -754*j. Let q(v) = v**2 - v - 6. Calculate q(j).
6
Let x = -522 + 519. Let i(h) = h**3 + h**2 - h - 5. Let r(t) = 3*t - 2*t + 0*t**3 - t**2 - t**3 + 6. Let a(w) = x*r(w) - 4*i(w). What is a(2)?
-8
Let w(d) be the second derivative of 7*d**3/6 - 2*d**2 + 1086*d. Calculate w(-4).
-32
Suppose 3*i - 44 = 5*t - 13, -t - 15 = -5*i. Let c(z) = 190*z**2 + 13*z - 5*z + 12 - 191*z**i. Suppose 17 = -4*r + 53. Calculate c(r).
3
Let d = -7 - -10. Let i(u) = -1 + 7*u - d*u - 2*u. Let p = -69 - -67. What is i(p)?
-5
Let t(n) = -14*n + 17. Let w(q) = -45*q + 50. Let z(l) = -13*t(l) + 4*w(l). What is z(13)?
5
Suppose 5*c + 3*d = -24, -3*d - 2*d - 24 = 3*c. Let s be c/2*(-76)/57. Let i(o) = -6*o - 2. Determine i(s).
-14
Let p(i) = 2*i**2 + 2*i. Let m(c) be the first derivative of -11*c**3/3 - 8*c**2 - 8*c - 95. Let v(q) = m(q) + 5*p(q). Give v(-6).
-8
Suppose 0 = 2*p + 4, -24 + 88 = -5*y + 3*p. Let r(q) = 4*q + 32. What is r(y)?
-24
Let v be (-2 - (3 + -3))/(13/(-39)). Let k(c) = -5*c + c**3 - 4 + 6*c**2 + v - 2*c**2 + 4. Calculate k(-5).
6
Let a(v) = -17*v**2 + 34*v**2 - 7*v**2 - 3 - 7*v**2 + 28*v - 4*v**2. Give a(28).
-3
Let i(m) = -m - 7. Let c be 8*3/(-9)*8*3. Let z be (-32)/c*-3*-9*2. Let v = 20 - z. Calculate i(v).
0
Suppose m + 24 = 2*m - 5*k, 0 = -3*m - 2*k + 4. Let q(r) be the third derivative of r**5/60 - 5*r**4/24 - r**3/3 + 132*r**2. Calculate q(m).
-6
Let c = -33494 + 33497. Let r(w) = 5*w**3 - 14*w**2 + 3. Calculate r(c).
12
Let k(q) = -85*q**3 - 28*q + 239*q**3 - 68*q**3 - 63 - 85*q**3 - 29*q**2. What is k(30)?
-3
Let j be (8/(-16))/(-1 - 12/(-8)). Let o be (-1)/((-6)/(-32)) + j/(-3). Let y(m) = 6*m. What is y(o)?
-30
Suppose 6*v + v - v = 0. Let a(p) = 3*p**2 - 3*p**2 - 3 + 17 - p + p**2. What is a(v)?
14
Let j = -146 - -230. Let f = j + -50. Suppose -3*r = 4*k + k - f, 0 = -4*k - 3*r + 26. Let v(u) = -u + 8. Determine v(k).
0
Let o(c) = -c**3 + 2*c - 3. Suppose -56*y + 3 = -61*y - i, y - 33 = -5*i. What is o(y)?
1
Let o(m) = -270 - 275 - 268 + 3*m + 804. Determine o(-4).
-21
Let t be 3/(-3) - (-22)/4*2. Let f(h) = 5 + t*h - 18*h + 6*h. Give f(4).
-3
Let y(q) = 7*q**2 - 2*q + 2. Let r(f) = -161*f - 2096. Let j be r(-13). What is y(j)?
71
Let f be ((-2)/(-3))/((-12)/(-198)). Let g(h) = 11*h + 1385*h**3 + 7*h**2 + 8*h**2 - 5*h**2 - 11 - 1386*h**3. Calculate g(f).
-11
Let p(l) = -11*l + 57. Let x be p(5). Let t(r) = 13 + r + 1 - 3 + x. Calculate t(-13).
0
Let s(q) = -13*q**3 - q**2. Let y(o) be the first derivative of -o**4/4 + 4*o**3 + 29*o**2/2 - 15*o + 19. Let v be y(14). What is s(v)?
12
Let l(y) be the first derivative of 4*y + 1/2*y**2 + 14. Suppose b + 3*c + 4 = 0, 5*b = 4*c + 4 + 33. Calculate l(b).
9
Let d(x) = 9 - 6 + 2*x - x**2 + 2 - 4*x. Let z = -5 - -11. Let w(r) = r**2 + r - 4. Let t(s) = z*d(s) + 7*w(s). What is t(5)?
2
Let j = 55 + -55. Let y(f) = f**3 - 10*f**2 + 9*f**2 + 431*f + 6 - 430*f. Calculate y(j).
6
Let a = -8030 + 7978. Let r(w) = -2*w**3 - 106*w**2 - 106*w - 101. What is r(a)?
3
Let z(o) be the first derivative of o**3/3 + 8*o**2 + 6*o - 24008. Suppose 4 = 4*f + 68. Give z(f).
6
Let s(a) = -6*a - 10. Let v(u) = 2*u + 5. Let x(k) = -4*s(k) - 10*v(k). Let t be x(5). Let c(f) = f**2 - 9*f - 6. Give c(t).
4
Let k = 5229 + -5230. Let o(u) = -40*u. Give o(k).
40
Let v(c) be the first derivative of -c**2/2 - 64*c + 2163. Determine v(-7).
-57
Let o(v) be the third derivative of v**5/10 + v**4/24 + v**3/6 - 30*v**2. Let n = 3290 + -3291. What is o(n)?
6
Let p(f) = 2*f - 102. Suppose 0 = 2*y + 4*r - 1800 + 1684, 3*r - 222 = -4*y. Calculate p(y).
6
Let v(c) be the second derivative of 0 + 3/2*c**2 - 1/10*c**5 - 1/6*c**4 + 66*c + 1/3*c**3. Calculate v(-2).
7
Let a(s) be the first derivative of -s**3/3 + 2*s**2 - s + 1. Let k be 8/(-6) + 67/3. Let w = 26 - k. Determine a(w).
-6
Let u(p) be the second derivative of p**5/10 - 2*p**4/3 - p**3/3 + 6*p**2 - 464*p. Determine u(4).
4
Let t(o) = 19*o**3 + 26*o**2 + 84*o + 85. Let l(a) = 23*a**3 + 26*a**2 + 84*a + 86. Let s(r) = -5*l(r) + 6*t(r). What is s(29)?
-7
Let n(y) = -6*y - 16. Let k(d) = -d**3 - 46*d**2 + 90*d - 290. Let r be k(-48). Give n(r).
-4
Suppose -4*q - 55 = -39. Let c be 0 - (q + (-9)/((-9)/(-10))). Let u(s) = 1 + 15*s - c*s - s**2 - 7*s + 1. Determine u(-8).
-14
Let v(x) = x**2 - 23*x - 107. Let s be v(-4). Let l(j) be the first derivative of -11*j**3/3 - j**2 + j - 32. Determine l(s).
-12
Let q(u) be the third derivative of -u**5/60 - 19*u**4/24 + 6*u**3 - 28*u**2 - 8*u + 1. Give q(2).
-6
Suppose -x - 20 = x. Let o(m) = 4833 - 461*m - 4847 + 469*m + m**2. What is o(x)?
6
Let t = -1789 + 1780. Let z(k) = 10*k + 10. Let f(o) = -o**2 + o. Let u(j) = -f(j) + z(j). What is u(t)?
10
Let s(w) = 31*w**2 - w - 3. Let t(i) = -41*i**2 + i + 4. Let m(l) = -3*s(l) - 2*t(l). Suppose 20 - 4 = -2*j. Let v = 7 + j. What is m(v)?
-11
Let b(y) = -5*y - 37. Let s be b(-6). Let w(d) be the first derivative of -d**2/2 + 5*d + 14. Determine w(s).
12
Let s = 7 - 2. Suppose 0*z - s*z = 0. Let k(j) = 1534*j + 8 + 7 - 1533*j + 4 - 14. Determine k(z).
5
Let q(f) = -f**2 + 6*f + 8. Let i(u) = -2*u**2 - 18*u + 54. Let n be i(-11). Suppose 4*h - b = 22, 4*b - 4 = -h + n. What is q(h)?
8
Let j = -606 - -610. Let g(w) = 135*w**2 + 5 + j*w - 64*w**2 - 65*w**2. Determine g(-2).
21
Let s(v) = -4*v**2 - 10*v - 3. Let j(r) = 3*r**2 + 9*r + 3. Let q(k) = 5*j(k) + 4*s(k). Suppose -8*z + 5*w = -10*z + 17, -3*z = -4*w - 14. Determine q(z).
-3
Suppose 2*g = -2*g + 96. Suppose 0 = 6*c - g. Suppose -c = 4*q - 3*q. Let h(d) = 3*d - 3. What is h(q)?
-15
Let i(c) = -28*c - 4 - 5*c**2 + 50*c + 2*c**2 - 2*c**2 - 26*c. Determine i(-2).
-16
Let m(j) be the third derivative of -j**8/20160 - j**7/630 - j**6/90 - 49*j**5/30 - 16*j**2. Let b(q) be the third derivative of m(q). What is b(-6)?
4
Let a be (-4)/(-1) + -6 + 2. Suppose 6*j - 12*j + 72 = a. Suppose -4*y + j + 8 = 0. Let k(h) = -h + 1. What is k(y)?
-4
Let t(b) = 34 + 13*b - 27 - 32 - 43 + 6. Determine t(4).
-10
Let g(n) = 22*n - 9871 + 4954 - 2*n**2 - 7*n + 4935. Determine g(9).
-9
Let b(u) be the first derivative of -u**4/4 + 8*u**3/3 + 3*u**2/2 - 67*u + 59. Let z be b(7). Let p(y) = -3*y - 2. What is p(z)?
-11
Let l be (309/103)/(12/(-28)). Let c(q) = q**3 + 8*q**2 + 10*q + 14. Determine c(l).
-7
Let f(k) = -2*k + 3. Suppose -60*s - 563 = -1043. What is f(s)?
-13
Let c(r) = 7*r**3 + 7*r**2 + 7*r + 3. Let u(l) = -3*l**3 - 3*l**2 - 3*l - 1. Let n(i) = -2*c(i) - 5*u(i). Let h = -92 - -140. Let s = h + -48. Determine n(s).
-1
Let m(l) be the second derivative of -l**5/20 - 3*l**4/4 + l**3/6 + l**2 + 348*l. Let u be 24*((-10)/(-3))/5. Suppose u + 11 = -3*w. Give m(w).
-7
Let f(n) = -2*n - 1. Let d(b) = -b**2 + 16*b - 41. Let c = -86 - -98. Let z be d(c). Suppose -z*t + 5 = -16. What is f(t)?
-7
Let q(f) be the first derivative of -f**2/2 + 16*f - 1860. What is q(21)?
-5
Let m(t) = -8*t**3 + 38*t**2 - 44*t - 21. Let a(z) = 3*z**3 - 13*z**2 + 15*z + 7. Let x be 11*1*(-4 + 3). Let u(y) = x*a(y) - 4*m(y). Calculate u(-10).
-3
Let g be 56/26 + ((-32)/52)/4. Let j(k) = -k + 12 - 6*k - 10*k**g - k**3 - 3 + 0*k. What is j(-9)?
-9
Let l(x) = -101 + 117 + 236 + 11*x - 5*x. What is l(-40)?
12
Let k(g) = -489*g - 15683. Let j be k(-32). Let u(c) = 6*c + 217. Determine u(j).
7
Let v = 7 - 0. Let g(b) = -8*b - b**3 - 11*b - 15*b - 4 - 14*b - 1 + 7*b**2 + 50*b. Calculate g(v).
9
Let r(o) be the first derivative of o - 10